 9 = 4*z + 21. Let x be (9/z)/(3/(-70)). Suppose 3*m = -16 + 58. Calculate the highest common divisor of x and m.
7
Suppose 3*j + 53 = -4*v - 2*j, -5*v - 20 = -3*j. Let s = v + 33. What is the greatest common divisor of s and 78?
26
Suppose -1 = o, 0 = -0*v + 5*v + 5*o + 25. Let p = 2 - v. Suppose -3*t = -12 - p. Calculate the highest common divisor of 4 and t.
2
Let h be 2/3*(-28 - -31) + 61. What is the highest common divisor of 70 and h?
7
Let x = -353 - -366. Calculate the highest common factor of 2 and x.
1
Let f be -1*(1 + 7) + 1255. What is the greatest common divisor of 29 and f?
29
Suppose 14*g - 906 = 102. Calculate the greatest common factor of 27 and g.
9
Let o be ((-160)/48 - 0)*(-9)/5. Let m(t) = -t**2 + 3*t + 2. Let s be m(2). What is the highest common divisor of s and o?
2
Suppose 5*u - 4*h - 79 = 0, -2*h = u - 0*u - 13. Suppose -4*f - 2*b + 85 = -25, 4*f = 2*b + 130. Calculate the greatest common factor of u and f.
15
Let u(r) = -r. Let h(t) = -10*t + 3. Let o(l) = -h(l) + 6*u(l). Let b be o(9). Calculate the highest common divisor of b and 264.
33
Let j be 19 + -1 + (-8)/2. Let v be (-3)/(-3) + -4*(-4)/16. What is the highest common factor of v and j?
2
Suppose 717 + 1488 = 49*b. Let c(n) = -n**3 + 10*n**2 - 2*n + 2. Let i be c(7). What is the highest common divisor of i and b?
45
Let b = -7 - 8. Let q = b - -23. Let m = 3 + q. What is the greatest common divisor of 55 and m?
11
Let g(u) = -u**2 - 55*u - 530. Let p be g(-41). What is the highest common factor of p and 451?
11
Let a(m) = -m**2 + 7*m + 2. Let s be a(5). Suppose -2*u = 2*n - 23 - 7, -4*u = 2*n - 36. Calculate the highest common factor of n and s.
12
Let a be 2928/64 + (3 - (-44)/(-16)). Calculate the highest common factor of a and 1702.
46
Let t = 120 - -87. Calculate the greatest common divisor of 69 and t.
69
Suppose -18*f = 3*f - 10395. What is the highest common divisor of f and 88?
11
Suppose s + 0*s = 5. Suppose x + o + 0 = 2, -5*x + 4*o + 10 = 0. Suppose -x = -g - 3, 4*g = -4*w + 56. What is the highest common divisor of s and w?
5
Let y be 1/9 + -3*358/(-54). Calculate the greatest common factor of y and 670.
10
Let k(n) = 6*n**2 - 16*n - 155. Let z be k(-8). Calculate the greatest common factor of z and 34.
17
Suppose 5*j + 8 = -2*m, -2*m + 59 = -4*j + 13. Let v = -28 - -39. Calculate the highest common divisor of v and m.
11
Let k(a) = 24*a**2 + a - 1. Let w be k(1). Let t = -3 - 3. Let g = 2 - t. Calculate the highest common divisor of g and w.
8
Suppose -4896 = -21*i - 15*i. Suppose -15 = 2*j - 49. Calculate the highest common divisor of j and i.
17
Suppose 5*w + 5*o - 42 - 23 = 0, -4*w + o + 57 = 0. Suppose -5*p + 5*d + 95 = 0, 3*p = -12*d + 10*d + 67. What is the greatest common divisor of p and w?
7
Suppose 0 = 2*m + 4*m - 18. Let w be (3/m)/(2/168). Calculate the highest common divisor of 12 and w.
12
Suppose -792 = -44*m + 36*m. What is the greatest common factor of m and 27?
9
Let l = 98 + -83. Suppose 2*z - 68 = z. Suppose -r + 37 = -z. What is the highest common factor of l and r?
15
Suppose -20*w + 160 = -540. What is the greatest common divisor of w and 91?
7
Let m be 10/(-4)*(4 + -2). Let j = m + 18. Let r(v) = 2*v**3 + 19*v**2 - 33*v + 13. Let t be r(-11). What is the greatest common factor of t and j?
13
Suppose -2*j + a = -6, -a = 3*j - 0*a - 19. Suppose -u + j*s = -23, -2*s - s + 33 = 2*u. What is the greatest common divisor of u and 27?
9
Let r = 608 + -506. What is the highest common divisor of r and 51?
51
Suppose 0 = -13*n + 359 + 252. Calculate the highest common factor of 2209 and n.
47
Suppose -3*t + 59 = 2*k - 83, -2*k = -3*t + 122. Calculate the greatest common divisor of t and 44.
44
Suppose 6 = -7*g + 5*g. Let a(u) = -u - 1. Let i be a(1). Let z = i - g. What is the highest common divisor of 11 and z?
1
Suppose -2940 + 894 = -62*n. Let a = 104 + 61. What is the highest common divisor of n and a?
33
Suppose -5*t - 3*h + 25 = 0, 0*t + 2*h + 26 = 2*t. Calculate the highest common divisor of t and 8.
8
Suppose 41*i = -47448 + 171514. Calculate the highest common factor of i and 34.
34
Let x = 46 + -32. Let z = 26 - x. Let v = z + 14. Calculate the highest common factor of v and 65.
13
Suppose 2*q - 13 = -a - 0*a, -5*q + 32 = 2*a. Let l = 9 - -6. Let h = q + l. What is the highest common divisor of h and 63?
21
Let o = -80 - -200. What is the highest common factor of 90 and o?
30
Let w = -32 + 76. Suppose 4*r - w + 8 = 0. Let b = 14 + -8. Calculate the highest common factor of r and b.
3
Suppose -166*h + 164*h + 1258 = 0. What is the greatest common factor of h and 17?
17
Let h = -383 + 68. Let p = h - -475. Calculate the greatest common factor of 20 and p.
20
Let i(j) = -3*j - 2. Let p(b) = -4*b - 3. Let c(h) = -6*i(h) + 5*p(h). Let d be c(-2). Suppose z + 30 = 39. Calculate the highest common divisor of z and d.
1
Let a(y) = -y**3 - y**2 - 2*y + 3. Let k be (4/(-8))/(3/(-24)). Suppose 0 = k*r + 3*r. Let o be a(r). What is the greatest common factor of o and 21?
3
Let w = -51 + 72. Let v be (108/(-90))/(4/(-10)). Calculate the greatest common divisor of v and w.
3
Let j = 61 - 21. Calculate the highest common factor of j and 8.
8
Let w(j) = -9*j**2 - 7*j - 15. Let s be w(-4). Let z = -27 - s. What is the greatest common divisor of 13 and z?
13
Let k = 8 - 8. Suppose 3*b - 8*b + 15 = k. What is the highest common factor of 33 and b?
3
Let w(y) = -y**3 + 9*y**2 - 2*y + 12. Let k be w(9). Let q be 39/(-26)*(-8)/k. Let x be (q - 2)/((-1)/23). What is the highest common factor of x and 23?
23
Let j = -123 - -240. Let d = j - 103. What is the highest common factor of 6 and d?
2
Let w(u) = 4 - 15*u - 16*u**2 + 4 + 17*u**2 + 1. Let b be w(15). What is the highest common divisor of b and 117?
9
Suppose 0 = -2*x - 0*x + 2*q, 0 = 3*x - q + 6. Let k be (0 - x)*(8 + 1). Suppose k = 5*h - 53. What is the highest common divisor of h and 80?
16
Suppose 3*v = 748 - 34. Calculate the greatest common factor of 34 and v.
34
Let f(y) = -13*y - 15. Let r be f(-2). Let c be 0/((-2)/(-1)*-1). Let o be 11 - (-2 - (-2 - c)). Calculate the highest common factor of o and r.
11
Let j(s) = -s - 12. Let n be j(-12). Suppose n = 4*w - 40 - 40. What is the highest common divisor of w and 5?
5
Let a(i) = i**2 - 5*i + 5. Let h be a(5). Suppose 84 = 3*c + m, 2*c - h*m - 140 = -3*c. Let s be 7*2*5/10. Calculate the greatest common factor of c and s.
7
Let s(h) = -3*h**3 - 5*h**2 - 6*h - 1. Let w be s(-4). Suppose 84*p = -128*p - 1409 + 4589. What is the highest common divisor of w and p?
15
Suppose -12*w - 262 = -3178. Let f be (26 - -1) + 0/(-2). What is the greatest common divisor of f and w?
27
Let m be 3/6 + 2/4. Let n(f) be the first derivative of 11*f**2/2 + 57*f - 48. Let v be n(-5). Calculate the highest common factor of v and m.
1
Let y = -176 - -188. What is the greatest common divisor of 16 and y?
4
Let h be 2*5/(20/26). Let d(y) = y**3 - 12*y**2 - 10*y - 30. Let o be d(h). Calculate the greatest common divisor of o and 72.
9
Let g = 28 - 25. Suppose 5*x - 18 = g*x. Calculate the highest common divisor of 3 and x.
3
Let f = -271 + 663. What is the highest common divisor of f and 14?
14
Suppose r - 2*r - 5*v + 187 = 0, 0 = 3*r + 2*v - 561. What is the highest common factor of r and 11?
11
Let g be (-40)/100*(-2 - (-2)/(-4)). Let y = 17 + 4. Let q = y + -14. What is the highest common divisor of g and q?
1
Suppose 4*j - j = 4*h - 100, 2*j = h - 60. Let x = -23 - j. What is the greatest common factor of 45 and x?
5
Let k(r) = -2*r - 17. Let w be k(-10). Suppose 4*n - 7*n = -9. What is the highest common divisor of n and w?
3
Suppose 0 = -2*j + 148 + 4. Let b = j + 45. Calculate the greatest common divisor of b and 11.
11
Let y be 2 + -3 + 2 + -1. Suppose -6*l + 2*l + 76 = y. Suppose -36 = -5*d + 4*a, -6*a - l = -3*d - a. Calculate the highest common factor of d and 72.
8
Suppose g = -4, -2*i - 2 = -0*i + 3*g. Suppose -13 = r - 4*w, -w = -5*r - 4*w + 27. Let d = r - -2. What is the highest common factor of i and d?
5
Let w(z) = z**3 - 4*z**2 - 4*z + 17. Let o be w(5). Let k = 0 + 3. Suppose v - 8 = k. What is the highest common divisor of v and o?
11
Let r be -13 - -18 - (2 - -1). Suppose -6 = -r*v + 6. Suppose 53 = v*q - 19. Calculate the greatest com